{"id":72,"date":"2022-08-22T15:46:08","date_gmt":"2022-08-22T15:46:08","guid":{"rendered":"https:\/\/azms.ch\/?page_id=72"},"modified":"2024-01-23T10:47:21","modified_gmt":"2024-01-23T10:47:21","slug":"unser-angebot","status":"publish","type":"page","link":"https:\/\/azms.ch\/?page_id=72","title":{"rendered":"Unser Angebot"},"content":{"rendered":"\n<p><\/p>\n\n\n\n<p><strong>Katzen<\/strong><\/p>\n\n\n<div class=\"wp-block-image\">\n<figure class=\"alignright size-large is-resized\"><img loading=\"lazy\" decoding=\"async\" width=\"805\" height=\"1024\" src=\"https:\/\/azms.ch\/wp-content\/uploads\/2022\/08\/katze8-805x1024.jpeg\" alt=\"\" class=\"wp-image-131\" style=\"width:353px;height:448px\" srcset=\"https:\/\/azms.ch\/wp-content\/uploads\/2022\/08\/katze8-805x1024.jpeg 805w, https:\/\/azms.ch\/wp-content\/uploads\/2022\/08\/katze8-236x300.jpeg 236w, https:\/\/azms.ch\/wp-content\/uploads\/2022\/08\/katze8-768x977.jpeg 768w, https:\/\/azms.ch\/wp-content\/uploads\/2022\/08\/katze8-1208x1536.jpeg 1208w, https:\/\/azms.ch\/wp-content\/uploads\/2022\/08\/katze8-1200x1526.jpeg 1200w, https:\/\/azms.ch\/wp-content\/uploads\/2022\/08\/katze8.jpeg 1610w\" sizes=\"auto, (max-width: 805px) 100vw, 805px\" \/><\/figure>\n<\/div>\n\n\n<ul class=\"wp-block-list\">\n<li>Artgerechte Haltung<\/li>\n\n\n\n<li>Ern\u00e4hrung<\/li>\n\n\n\n<li>Gesundheitliche Beratung (wir sind keine Tier\u00e4rzte und es werden von uns keine&nbsp;medizinischen Diagnosen gestellt)<\/li>\n\n\n\n<li>Vergesellschaftung<\/li>\n\n\n\n<li>Fortpflanzung<\/li>\n\n\n\n<li>Harnmarkieren<\/li>\n\n\n\n<li>Allgemeine Unsauberkeit von Urin und \/ oder Kot<\/li>\n\n\n\n<li>Zwangsst\u00f6rungen (Pica (= fressen von Stoff, Wolle oder Plastik, anknabbern der M\u00f6bel), Putzzwang, ver\u00e4ndertes Fressverhalten (zur Folge Mangelern\u00e4hrung, \u00dcber- oder Untergewicht)<\/li>\n\n\n\n<li>Stress- und \/ oder Angstverhalten<\/li>\n\n\n\n<li>Aggression gegen\u00fcber Artgenossen, anderen Tieren und \/ oder Menschen<\/li>\n\n\n\n<li>\u00dcberm\u00e4ssige Einforderung von Aufmerksamkeit<\/li>\n\n\n\n<li>Destruktives Verhalten, Kratzen an Gegenst\u00e4nden und M\u00f6beln<\/li>\n<\/ul>\n\n\n\n<p><strong>Hunde<\/strong><\/p>\n\n\n\n<ul class=\"wp-block-list\">\n<li>Artgerechte Haltung<\/li>\n\n\n\n<li>Auslastung von K\u00f6rper und Geist<\/li>\n\n\n\n<li>Ern\u00e4hrung<\/li>\n\n\n\n<li>Gesundheitliche Beratung (wir sind keine Tier\u00e4rzte und es werden von uns keine&nbsp;medizinischen Diagnosen gestellt)<\/li>\n\n\n\n<li>Destruktives Verhalten<\/li>\n\n\n\n<li>\u00c4ngste, Aggressionen<\/li>\n\n\n\n<li>\u00dcberm\u00e4ssiges Bellen<\/li>\n\n\n\n<li>Unerw\u00fcnschtes Verhalten beim Spazieren, Begegnungen mit Artgenossen und Menschen<\/li>\n\n\n\n<li>\u00dcberreizung und \u00dcbersprungverhalten<\/li>\n\n\n\n<li>Alleinsein<\/li>\n\n\n\n<li>Rudelverhalten<\/li>\n\n\n\n<li>Fortpflanzung<\/li>\n\n\n\n<li>Unsauberkeit<\/li>\n\n\n\n<li>Zwangsst\u00f6rungen und stereotype Verhaltensweisen<\/li>\n\n\n\n<li>Grundgehorsam<\/li>\n<\/ul>\n\n\n<div class=\"wp-block-image\">\n<figure class=\"aligncenter size-large is-resized\"><img loading=\"lazy\" decoding=\"async\" width=\"2560\" height=\"1440\" src=\"https:\/\/azms.ch\/wp-content\/uploads\/2022\/08\/WP_20131130_013-edited-scaled.jpg\" alt=\"\" class=\"wp-image-128\" style=\"width:437px;height:246px\" srcset=\"https:\/\/azms.ch\/wp-content\/uploads\/2022\/08\/WP_20131130_013-edited-scaled.jpg 2560w, https:\/\/azms.ch\/wp-content\/uploads\/2022\/08\/WP_20131130_013-edited-300x169.jpg 300w, https:\/\/azms.ch\/wp-content\/uploads\/2022\/08\/WP_20131130_013-edited-1024x576.jpg 1024w, https:\/\/azms.ch\/wp-content\/uploads\/2022\/08\/WP_20131130_013-edited-768x432.jpg 768w, https:\/\/azms.ch\/wp-content\/uploads\/2022\/08\/WP_20131130_013-edited-1536x864.jpg 1536w, https:\/\/azms.ch\/wp-content\/uploads\/2022\/08\/WP_20131130_013-edited-2048x1152.jpg 2048w, https:\/\/azms.ch\/wp-content\/uploads\/2022\/08\/WP_20131130_013-edited-1200x675.jpg 1200w, https:\/\/azms.ch\/wp-content\/uploads\/2022\/08\/WP_20131130_013-edited-1980x1114.jpg 1980w\" sizes=\"auto, (max-width: 2560px) 100vw, 2560px\" \/><\/figure>\n<\/div>\n\n<div class=\"wp-block-image\">\n<figure class=\"alignleft size-full\"><img loading=\"lazy\" decoding=\"async\" width=\"467\" height=\"350\" src=\"https:\/\/azms.ch\/wp-content\/uploads\/2022\/08\/meeri-edited.jpg\" alt=\"\" class=\"wp-image-222\" srcset=\"https:\/\/azms.ch\/wp-content\/uploads\/2022\/08\/meeri-edited.jpg 467w, https:\/\/azms.ch\/wp-content\/uploads\/2022\/08\/meeri-edited-300x225.jpg 300w\" sizes=\"auto, (max-width: 467px) 100vw, 467px\" \/><\/figure>\n<\/div>\n\n\n<p><strong>Meerschweinchen<\/strong><\/p>\n\n\n\n<ul class=\"wp-block-list\">\n<li>artgerechte Haltung<\/li>\n\n\n\n<li>Ern\u00e4hrung<\/li>\n\n\n\n<li>gesundheitliche Beratung (wir sind keine Tier\u00e4rzte und es werden von uns keine medizinischen Diagnosen gestellt)<\/li>\n\n\n\n<li>Verhaltensst\u00f6rungen, sowie unerw\u00fcnschtes Verhalten<\/li>\n\n\n\n<li>Vergesellschaftung<\/li>\n\n\n\n<li>Fortpflanzung<\/li>\n<\/ul>\n\n\n\n<p><\/p>\n\n\n<div class=\"wp-block-image\">\n<figure class=\"alignright size-large is-resized\"><img loading=\"lazy\" decoding=\"async\" width=\"944\" height=\"1258\" src=\"https:\/\/azms.ch\/wp-content\/uploads\/2022\/08\/hase4-edited.jpeg\" alt=\"\" class=\"wp-image-134\" style=\"width:251px\" srcset=\"https:\/\/azms.ch\/wp-content\/uploads\/2022\/08\/hase4-edited.jpeg 944w, https:\/\/azms.ch\/wp-content\/uploads\/2022\/08\/hase4-edited-225x300.jpeg 225w, https:\/\/azms.ch\/wp-content\/uploads\/2022\/08\/hase4-edited-768x1023.jpeg 768w\" sizes=\"auto, (max-width: 944px) 100vw, 944px\" \/><\/figure>\n<\/div>\n\n\n<p><strong>Kaninchen<\/strong><\/p>\n\n\n\n<p><\/p>\n\n\n\n<ul class=\"wp-block-list\">\n<li>artgerechte Haltung<\/li>\n\n\n\n<li>Ern\u00e4hrung<\/li>\n\n\n\n<li>gesundheitliche Beratung (wir sind keine Tier\u00e4rzte und es werden von uns keine&nbsp;medizinischen Diagnosen gestellt)<\/li>\n\n\n\n<li>Verhaltensst\u00f6rungen, sowie unerw\u00fcnschtes Verhalten<\/li>\n\n\n\n<li>Vergesellschaftung<\/li>\n\n\n\n<li>Fortpflanzung<\/li>\n<\/ul>\n\n\n\n<p><\/p>\n\n\n\n<p><strong>Andere Nager- und Kleintiere, sowie V\u00f6gel, H\u00fchner und Wachteln auf Anfrage<\/strong><\/p>\n\n\n\n<figure class=\"wp-block-gallery aligncenter has-nested-images columns-default is-cropped wp-block-gallery-1 is-layout-flex wp-block-gallery-is-layout-flex\">\n<figure class=\"wp-block-image size-large is-style-rounded\"><img decoding=\"async\" data-id=\"138\" src=\"https:\/\/azms.ch\/wp-content\/uploads\/2022\/08\/wachtel-576x1024.jpeg\" alt=\"\" class=\"wp-image-138\"\/><\/figure>\n<\/figure>\n\n\n\n<figure class=\"wp-block-gallery alignright has-nested-images columns-default is-cropped wp-block-gallery-2 is-layout-flex wp-block-gallery-is-layout-flex\">\n<figure class=\"wp-block-image size-thumbnail is-style-default\"><img loading=\"lazy\" decoding=\"async\" width=\"150\" height=\"150\" data-id=\"142\" src=\"https:\/\/azms.ch\/wp-content\/uploads\/2022\/08\/repti4-edited-150x150.jpeg\" alt=\"\" class=\"wp-image-142\"\/><\/figure>\n<\/figure>\n\n\n\n<p><strong>Reptilien aller Art<\/strong><\/p>\n\n\n\n<ul class=\"wp-block-list\">\n<li>artgerechte Haltung<\/li>\n\n\n\n<li>Ern\u00e4hrung<\/li>\n\n\n\n<li>gesundheitliche Beratung (wir sind keine Tier\u00e4rzte und es werden von uns keine&nbsp;medizinischen Diagnosen gestellt)<\/li>\n\n\n\n<li>Verhaltensst\u00f6rungen, sowie unerw\u00fcnschtes Verhalten<\/li>\n\n\n\n<li>Vergesellschaftung<\/li>\n\n\n\n<li>Fortpflanzung<\/li>\n<\/ul>\n\n\n\n<p><\/p>\n\n\n\n<p><\/p>\n\n\n\n<p><strong>Pferde<\/strong><\/p>\n\n\n\n<ul class=\"wp-block-list\">\n<li>Verhaltensst\u00f6rungen, sowie unerw\u00fcnschtes Verhalten<\/li>\n<\/ul>\n\n\n\n<p>(Stereotypien, Aufmerksamkeitsprobleme, Aggressionen, \u00c4ngste und Phobien)<\/p>\n\n\n\n<div class=\"wp-block-group\"><div class=\"wp-block-group__inner-container is-layout-flow wp-block-group-is-layout-flow\">\n<div class=\"wp-block-columns is-layout-flex wp-container-core-columns-is-layout-9d6595d7 wp-block-columns-is-layout-flex\">\n<div class=\"wp-block-column is-layout-flow wp-block-column-is-layout-flow\" style=\"flex-basis:100%\">\n<figure class=\"wp-block-gallery has-nested-images columns-default is-cropped wp-block-gallery-3 is-layout-flex wp-block-gallery-is-layout-flex\">\n<figure class=\"wp-block-image size-thumbnail\"><img loading=\"lazy\" decoding=\"async\" width=\"1271\" height=\"1695\" data-id=\"289\" src=\"https:\/\/azms.ch\/wp-content\/uploads\/2022\/09\/loris-edited.jpg\" alt=\"\" class=\"wp-image-289\" srcset=\"https:\/\/azms.ch\/wp-content\/uploads\/2022\/09\/loris-edited.jpg 1271w, https:\/\/azms.ch\/wp-content\/uploads\/2022\/09\/loris-edited-225x300.jpg 225w, https:\/\/azms.ch\/wp-content\/uploads\/2022\/09\/loris-edited-768x1024.jpg 768w, https:\/\/azms.ch\/wp-content\/uploads\/2022\/09\/loris-edited-1152x1536.jpg 1152w, https:\/\/azms.ch\/wp-content\/uploads\/2022\/09\/loris-edited-1200x1600.jpg 1200w\" sizes=\"auto, (max-width: 1271px) 100vw, 1271px\" \/><\/figure>\n<\/figure>\n<\/div>\n<\/div>\n<\/div><\/div>\n\n\n\n<p><strong>Allgemeine Beratung<\/strong> <\/p>\n\n\n\n<ul class=\"wp-block-list\">\n<li>vor der Anschaffung, welches Tier passt zum jeweiligen Lebensstil, Rassenberatung<\/li>\n<\/ul>\n\n\n\n<figure class=\"wp-block-gallery has-nested-images columns-default is-cropped wp-block-gallery-4 is-layout-flex wp-block-gallery-is-layout-flex\">\n<figure class=\"wp-block-image size-large\"><img loading=\"lazy\" decoding=\"async\" width=\"576\" height=\"1024\" data-id=\"183\" src=\"https:\/\/azms.ch\/wp-content\/uploads\/2022\/08\/katze6-576x1024.jpeg\" alt=\"\" class=\"wp-image-183\" srcset=\"https:\/\/azms.ch\/wp-content\/uploads\/2022\/08\/katze6-576x1024.jpeg 576w, https:\/\/azms.ch\/wp-content\/uploads\/2022\/08\/katze6-169x300.jpeg 169w, https:\/\/azms.ch\/wp-content\/uploads\/2022\/08\/katze6-768x1365.jpeg 768w, https:\/\/azms.ch\/wp-content\/uploads\/2022\/08\/katze6-864x1536.jpeg 864w, https:\/\/azms.ch\/wp-content\/uploads\/2022\/08\/katze6.jpeg 1134w\" sizes=\"auto, (max-width: 576px) 100vw, 576px\" \/><\/figure>\n\n\n\n<figure class=\"wp-block-image size-large\"><img loading=\"lazy\" decoding=\"async\" width=\"1291\" height=\"1425\" data-id=\"196\" src=\"https:\/\/azms.ch\/wp-content\/uploads\/2022\/08\/katze7-edited.jpeg\" alt=\"\" class=\"wp-image-196\" srcset=\"https:\/\/azms.ch\/wp-content\/uploads\/2022\/08\/katze7-edited.jpeg 1291w, https:\/\/azms.ch\/wp-content\/uploads\/2022\/08\/katze7-edited-272x300.jpeg 272w, https:\/\/azms.ch\/wp-content\/uploads\/2022\/08\/katze7-edited-928x1024.jpeg 928w, https:\/\/azms.ch\/wp-content\/uploads\/2022\/08\/katze7-edited-768x848.jpeg 768w, https:\/\/azms.ch\/wp-content\/uploads\/2022\/08\/katze7-edited-1200x1325.jpeg 1200w\" sizes=\"auto, (max-width: 1291px) 100vw, 1291px\" \/><\/figure>\n<\/figure>\n\n\n\n<div class=\"wp-block-columns is-layout-flex wp-container-core-columns-is-layout-9d6595d7 wp-block-columns-is-layout-flex\">\n<div class=\"wp-block-column is-layout-flow wp-block-column-is-layout-flow\" style=\"flex-basis:100%\"><\/div>\n<\/div>\n\n\n\n<div class=\"wp-block-group\"><div class=\"wp-block-group__inner-container is-layout-flow wp-block-group-is-layout-flow\"><\/div><\/div>\n\n\n\n<figure class=\"wp-block-gallery has-nested-images columns-default is-cropped wp-block-gallery-5 is-layout-flex wp-block-gallery-is-layout-flex\">\n<figure class=\"wp-block-image size-large\"><img loading=\"lazy\" decoding=\"async\" width=\"2560\" height=\"1920\" data-id=\"243\" src=\"https:\/\/azms.ch\/wp-content\/uploads\/2022\/08\/DSC01033-edited-1-scaled.jpg\" alt=\"\" class=\"wp-image-243\" srcset=\"https:\/\/azms.ch\/wp-content\/uploads\/2022\/08\/DSC01033-edited-1-scaled.jpg 2560w, https:\/\/azms.ch\/wp-content\/uploads\/2022\/08\/DSC01033-edited-1-300x225.jpg 300w, https:\/\/azms.ch\/wp-content\/uploads\/2022\/08\/DSC01033-edited-1-1024x768.jpg 1024w, https:\/\/azms.ch\/wp-content\/uploads\/2022\/08\/DSC01033-edited-1-768x576.jpg 768w, https:\/\/azms.ch\/wp-content\/uploads\/2022\/08\/DSC01033-edited-1-1536x1152.jpg 1536w, https:\/\/azms.ch\/wp-content\/uploads\/2022\/08\/DSC01033-edited-1-2048x1536.jpg 2048w, https:\/\/azms.ch\/wp-content\/uploads\/2022\/08\/DSC01033-edited-1-1200x900.jpg 1200w, https:\/\/azms.ch\/wp-content\/uploads\/2022\/08\/DSC01033-edited-1-1980x1485.jpg 1980w\" sizes=\"auto, (max-width: 2560px) 100vw, 2560px\" \/><\/figure>\n\n\n\n<figure class=\"wp-block-image size-large\"><img loading=\"lazy\" decoding=\"async\" width=\"2560\" height=\"1920\" data-id=\"189\" src=\"https:\/\/azms.ch\/wp-content\/uploads\/2022\/08\/DSC01207-scaled.jpg\" alt=\"\" class=\"wp-image-189\" srcset=\"https:\/\/azms.ch\/wp-content\/uploads\/2022\/08\/DSC01207-scaled.jpg 2560w, https:\/\/azms.ch\/wp-content\/uploads\/2022\/08\/DSC01207-300x225.jpg 300w, https:\/\/azms.ch\/wp-content\/uploads\/2022\/08\/DSC01207-1024x768.jpg 1024w, https:\/\/azms.ch\/wp-content\/uploads\/2022\/08\/DSC01207-768x576.jpg 768w, https:\/\/azms.ch\/wp-content\/uploads\/2022\/08\/DSC01207-1536x1152.jpg 1536w, https:\/\/azms.ch\/wp-content\/uploads\/2022\/08\/DSC01207-2048x1536.jpg 2048w, https:\/\/azms.ch\/wp-content\/uploads\/2022\/08\/DSC01207-1200x900.jpg 1200w, https:\/\/azms.ch\/wp-content\/uploads\/2022\/08\/DSC01207-1980x1485.jpg 1980w\" sizes=\"auto, (max-width: 2560px) 100vw, 2560px\" \/><\/figure>\n\n\n\n<figure class=\"wp-block-image size-large\"><img loading=\"lazy\" decoding=\"async\" width=\"1709\" height=\"2560\" data-id=\"188\" src=\"https:\/\/azms.ch\/wp-content\/uploads\/2022\/08\/DSC_0744-scaled.jpg\" alt=\"\" class=\"wp-image-188\" srcset=\"https:\/\/azms.ch\/wp-content\/uploads\/2022\/08\/DSC_0744-scaled.jpg 1709w, https:\/\/azms.ch\/wp-content\/uploads\/2022\/08\/DSC_0744-200x300.jpg 200w, https:\/\/azms.ch\/wp-content\/uploads\/2022\/08\/DSC_0744-684x1024.jpg 684w, https:\/\/azms.ch\/wp-content\/uploads\/2022\/08\/DSC_0744-768x1150.jpg 768w, https:\/\/azms.ch\/wp-content\/uploads\/2022\/08\/DSC_0744-1025x1536.jpg 1025w, https:\/\/azms.ch\/wp-content\/uploads\/2022\/08\/DSC_0744-1367x2048.jpg 1367w, https:\/\/azms.ch\/wp-content\/uploads\/2022\/08\/DSC_0744-1200x1798.jpg 1200w, https:\/\/azms.ch\/wp-content\/uploads\/2022\/08\/DSC_0744-1980x2966.jpg 1980w\" sizes=\"auto, (max-width: 1709px) 100vw, 1709px\" \/><\/figure>\n<\/figure>\n\n\n","protected":false},"excerpt":{"rendered":"<p>Katzen Hunde Meerschweinchen Kaninchen Andere Nager- und Kleintiere, sowie V\u00f6gel, H\u00fchner und Wachteln auf Anfrage Reptilien aller Art Pferde (Stereotypien, Aufmerksamkeitsprobleme, Aggressionen, \u00c4ngste und Phobien) Allgemeine Beratung<\/p>\n","protected":false},"author":2,"featured_media":0,"parent":0,"menu_order":0,"comment_status":"closed","ping_status":"closed","template":"","meta":{"footnotes":""},"class_list":["post-72","page","type-page","status-publish","hentry"],"_links":{"self":[{"href":"https:\/\/azms.ch\/index.php?rest_route=\/wp\/v2\/pages\/72","targetHints":{"allow":["GET"]}}],"collection":[{"href":"https:\/\/azms.ch\/index.php?rest_route=\/wp\/v2\/pages"}],"about":[{"href":"https:\/\/azms.ch\/index.php?rest_route=\/wp\/v2\/types\/page"}],"author":[{"embeddable":true,"href":"https:\/\/azms.ch\/index.php?rest_route=\/wp\/v2\/users\/2"}],"replies":[{"embeddable":true,"href":"https:\/\/azms.ch\/index.php?rest_route=%2Fwp%2Fv2%2Fcomments&post=72"}],"version-history":[{"count":34,"href":"https:\/\/azms.ch\/index.php?rest_route=\/wp\/v2\/pages\/72\/revisions"}],"predecessor-version":[{"id":375,"href":"https:\/\/azms.ch\/index.php?rest_route=\/wp\/v2\/pages\/72\/revisions\/375"}],"wp:attachment":[{"href":"https:\/\/azms.ch\/index.php?rest_route=%2Fwp%2Fv2%2Fmedia&parent=72"}],"curies":[{"name":"wp","href":"https:\/\/api.w.org\/{rel}","templated":true}]}}